
433
What is 2 (base 15) in base 4?
2
What is -23 (base 4) in base 13?
-b
Convert -211 (base 3) to base 2.
-10110
What is -2 (base 8) in base 7?
-2
-10 (base 11) to base 4
-23
Convert 2 (base 12) to base 5.
2
Convert -84 (base 10) to base 8.
-124
What is 18 (base 12) in base 15?
15
-42 (base 14) to base 2
-111010
What is -1453 (base 6) in base 16?
-189
Convert 8 (base 12) to base 15.
8
What is 100 (base 7) in base 12?
41
1212 (base 3) to base 12
42
-2 (base 11) to base 8
-2
Convert 200 (base 3) to base 4.
102
-6 (base 12) to base 14
-6
What is -3 (base 4) in base 3?
-10
What is 12 (base 3) in base 2?
101
What is -300 (base 5) in base 15?
-50
12 (base 8) to base 6
14
What is 3 (base 7) in base 9?
3
What is 51 (base 15) in base 7?
136
What is -32 (base 5) in base 7?
-23
Convert -1 (base 4) to base 14.
-1
-28 (base 13) to base 2
-100010
Convert 11 (base 6) to base 10.
7
Convert -343 (base 7) to base 2.
-10110010
Convert 140 (base 10) to base 11.
118
What is -13 (base 5) in base 9?
-8
What is -1 (base 8) in base 11?
-1
Convert 2 (base 12) to base 2.
10
58 (base 10) to base 2
111010
Convert -11122 (base 3) to base 15.
-85
Convert 2 (base 10) to base 4.
2
What is -1 (base 4) in base 11?
-1
What is -206 (base 7) in base 12?
-88
Convert -11d (base 14) to base 12.
-167
3 (base 8) to base 6
3
1100 (base 2) to base 6
20
Convert -1 (base 5) to base 2.
-1
Convert 4 (base 10) to base 11.
4
12 (base 15) to base 11
16
What is 1 (base 13) in base 9?
1
What is 44 (base 11) in base 4?
300
Convert -8 (base 15) to base 12.
-8
Convert -127 (base 14) to base 2.
-11100111
Convert 1 (base 4) to base 12.
1
2 (base 10) to base 11
2
Convert -23 (base 6) to base 15.
-10
What is 6 (base 15) in base 9?
6
76 (base 8) to base 2
111110
-12 (base 4) to base 5
-11
Convert -252 (base 9) to base 10.
-209
What is 1001 (base 2) in base 11?
9
What is 188 (base 10) in base 13?
116
7 (base 11) to base 12
7
Convert -9 (base 15) to base 3.
-100
What is 6 (base 10) in base 3?
20
What is 198 (base 11) in base 15?
103
Convert 6 (base 9) to base 11.
6
Convert -b (base 16) to base 2.
-1011
0 (base 9) to base 2
0
Convert 1022 (base 4) to base 5.
244
What is -2 (base 13) in base 7?
-2
Convert -202 (base 3) to base 14.
-16
-2 (base 3) to base 7
-2
-3 (base 10) to base 14
-3
Convert 11 (base 4) to base 10.
5
Convert 5 (base 11) to base 2.
101
What is 6 (base 14) in base 5?
11
What is 5 (base 14) in base 13?
5
What is -1 (base 16) in base 5?
-1
Convert -30 (base 15) to base 11.
-41
-173 (base 11) to base 16
-c9
What is 45 (base 8) in base 6?
101
What is 53 (base 14) in base 4?
1021
23 (base 6) to base 4
33
What is 4 (base 9) in base 11?
4
What is -22010 (base 3) in base 7?
-432
-5d (base 14) to base 8
-123
-16 (base 11) to base 10
-17
Convert 635 (base 7) to base 5.
2240
Convert 2 (base 14) to base 3.
2
Convert -1002 (base 3) to base 5.
-104
What is -4f (base 16) in base 4?
-1033
What is -5 (base 14) in base 5?
-10
What is 1 (base 7) in base 4?
1
Convert -9 (base 11) to base 2.
-1001
12 (base 8) to base 15
a
Convert -3 (base 16) to base 10.
-3
What is 2 (base 3) in base 9?
2
Convert -1011 (base 2) to base 8.
-13
Convert 1 (base 12) to base 8.
1
What is 4 (base 13) in base 4?
10
10 (base 4) to base 13
4
4 (base 13) to base 4
10
1 (base 10) to base 14
1
What is -11 (base 2) in base 14?
-3
Convert -3 (base 6) to base 9.
-3
0 (base 8) to base 6
0
Convert 102 (base 13) to base 10.
171
-288 (base 9) to base 4
-3302
Convert -1 (base 6) to base 16.
-1
What is -c (base 16) in base 4?
-30
What is -131 (base 5) in base 16?
-29
What is -21 (base 11) in base 15?
-18
4 (base 13) to base 7
4
What is -85 (base 11) in base 15?
-63
Convert -49 (base 14) to base 9.
-72
What is 10 (base 5) in base 11?
5
What is -1 (base 7) in base 6?
-1
What is 0 (base 10) in base 8?
0
What is -304 (base 7) in base 10?
-151
What is 13 (base 7) in base 16?
a
Convert -4 (base 15) to base 9.
-4
What is 21 (base 12) in base 8?
31
What is 234 (base 8) in base 13?
c0
Convert 37 (base 12) to base 7.
61
181 (base 9) to base 11
130
What is -1010011 (base 2) in base 16?
-53
What is -4 (base 12) in base 3?
-11
Convert 10 (base 7) to base 11.
7
4 (base 8) to base 10
4
41 (base 7) to base 10
29
Convert -10 (base 9) to base 5.
-14
What is 1 (base 3) in base 13?
1
-3 (base 11) to base 14
-3
What is -1030 (base 4) in base 12?
-64
What is -15 (base 7) in base 15?
-c
Convert -100 (base 2) to base 9.
-4
8 (base 12) to base 3
22
Convert 1210 (base 3) to base 14.
36
77 (base 10) to base 16
4d
What is 24 (base 8) in base 15?
15
Convert -4 (base 9) to base 11.
-4
d (base 16) to base 7
16
34 (base 12) to base 3
1111
-3c (base 14) to base 9
-60
-79 (base 11) to base 13
-68
-30 (base 4) to base 12
-10
What is 2f (base 16) in base 10?
47
-14 (base 6) to base 3
-101
What is -152 (base 12) in base 15?
-db
Convert 10101 (base 2) to base 12.
19
Convert 23 (base 8) to base 9.
21
Convert 76 (base 10) to base 5.
301
What is 6 (base 8) in base 9?
6
What is -1b2 (base 12) in base 10?
-278
Convert -1001 (base 2) to base 8.
-11
Convert 1 (base 5) to base 13.
1
Convert -3 (base 6) to base 7.
-3
Convert -11000010 (base 2) to base 8.
-302
Convert 3 (base 10) to base 8.
3
Convert 1 (base 6) to base 2.
1
What is 27 (base 9) in base 15?
1a
30 (base 11) to base 12
29
Convert -1 (base 9) to base 15.
-1
Convert 14 (base 16) to base 14.
16
What is 45 (base 16) in base 8?
105
1 (base 9) to base 10
1
What is 308 (base 10) in base 14?
180
Convert -7b (base 15) to base 4.
-1310
What is 0 (base 4) in base 3?
0
Convert -10 (base 6) to base 15.
-6
What is 15 (base 11) in base 4?
100
Convert -4 (base 12) to base 14.
-4
What is -1 (base 5) in base 2?
-1
-3 (base 5) to base 8
-3
What is -42 (base 6) in base 13?
-20
-103 (base 8) to base 2
-1000011
12 (base 10) to base 15
c
Convert -4 (base 13) to base 14.
-4
What is 59 (base 10) in base 7?
113
Convert -3b (base 12) to base 4.
-233
What is 2 (base 16) in base 15?
2
What is 300 (base 10) in base 9?
363
Convert -57 (base 13) to base 8.
-110
31 (base 12) to base 11
34
What is 10 (base 11) in base 9?
12
What is 3 (base 7) in base 15?
3
Convert 3 (base 10) to base 8.
3
What is -333 (base 5) in base 6?
-233
What is 6 (base 14) in base 4?
12
Convert -11000 (base 2) to base 4.
-120
-13 (base 5) to base 4
-20
Convert 2 (base 16) to base 12.
2
Convert 193 (base 11) to base 2.
11011111
What is 30 (base 13) in base 10?
39
What is -7 (base 16) in base 8?
-7
Convert 0 (base 15) to base 8.
0
Convert -3 (base 7) to base 14.
-3
Convert 3 (base 15) to base 2.
11
114 (base 8) to base 14
56
3 (base 4) to base 2
11
Convert 0 (base 12) to base 5.
0
Convert -101 (base 3) to base 11.
-a
Convert -110010 (base 2) to base 13.
-3b
Convert -10 (base 4) to base 14.
-4
1001 (base 2) to base 4
21
14 (base 13) to base 2
10001
What is 1 (base 5) in base 7?
1
Convert -11 (base 13) to base 3.
-112
-1 (base 3) to base 5
-1
What is -11 (base 5) in base 14?
-6
What is -2 (base 6) in base 16?
-2
Convert 40 (base 7) to base 15.
1d
Convert -24 (base 5) to base 8.
-16
Convert -4 (base 5) to base 4.
-10
What is -11100 (base 2) in base 8?
-34
What is 10 (base 2) in base 4?
2
4 (base 9) to base 7
4
What is 11 (base 5) in base 12?
6
16 (base 16) to base 6
34
What is -21 (base 10) in base 6?
-33
9 (base 11) to base 12
9
4 (base 10) to base 3
11
What is 134 (base 13) in base 16?
d4
Convert 6 (base 10) to base 16.
6
101101 (base 2) to base 14
33
2 (base 16) to base 14
2
3 (base 14) to base 4
3
a5 (base 12) to base 8
175
Convert 10210 (base 3) to base 14.
74
What is 1 (base 10) in base 7?
1
1 (base 2) to base 13
1
-14 (base 5) to base 11
-9
2 (base 7) to base 3
2
Convert 4 (base 15) to base 5.
4
What is 320 (base 5) in base 6?
221
Convert -32 (base 7) to base 3.
-212
What is 3 (base 11) in base 2?
11
-a (base 15) to base 6
-14
What is -12 (base 13) in base 11?
-14
What is -4 (base 11) in base 7?
-4
Convert 14 (base 15) to base 3.
201
What is 3 (base 13) in base 15?
3
Convert -98 (base 13) to base 6.
-325
-412 (base 5) to base 9
-128
-10101110 (base 2) to base 7
-336
Convert 91 (base 10) to base 4.
1123
Convert 1111011 (base 2) to base 13.
96
-b (base 15) to base 14
-b
What is -3 (base 12) in base 5?
-3
What is 1 (base 15) in base 4?
1
Convert -2211 (base 3) to base 8.
-114
Convert 9 (ba